{"id":4,"date":"2013-10-02T19:33:30","date_gmt":"2013-10-02T19:33:30","guid":{"rendered":"http:\/\/www.realityhrdovi.cz\/?page_id=4"},"modified":"2025-05-10T07:41:14","modified_gmt":"2025-05-10T07:41:14","slug":"aktualni-nabidka-nemovitosti","status":"publish","type":"page","link":"https:\/\/www.realityhrdovi.cz\/","title":{"rendered":"domov"},"content":{"rendered":"<div class=\"description ng-binding\"><\/div>\n<div class=\"image-cover\"><\/div>\n<div><\/div>\n<div><\/div>\n<div><\/div>\n<div><\/div>\n<div><\/div>\n<h3 class=\"image-cover\">\u00a0 \u00a0 \u00a0 \u00a0 \u00a0 \u00a0 \u00a0 \u00a0 \u00a0 \u00a0<strong> Neprod\u00e1v\u00e1me rychle, ale v\u017edy za nejvy\u0161\u0161\u00ed mo\u017enou cenu.<\/strong><\/h3>\n<p>Pokud s n\u00e1mi chcete zkusit prodej Va\u0161\u00ed nemovitosti, zavolejte na <a href=\"tel:604983906\">604 983 906<\/a>, p\u0159ijedeme, Va\u0161i nemovitost ocen\u00edme a prod\u00e1me za maxim\u00e1ln\u00ed mo\u017enou cenu.<\/p>\n<p>Jsme rodinn\u00e1 firma, \u010demu\u017e odpov\u00edd\u00e1 n\u00e1\u0161 p\u0159\u00edstup k v\u00e1m a realizaci prodeje Va\u0161\u00ed nemovitosti.<\/p>\n<div class=\"image-cover\"><\/div>\n<div class=\"gallery ng-isolate-scope\">\n<div class=\"description ng-binding\"><\/div>\n<\/div>\n<div class=\"property-title\"><\/div>\n<div class=\"description ng-binding\"><\/div>\n<div class=\"ng-scope\"><\/div>\n","protected":false},"excerpt":{"rendered":"<p>\u00a0 \u00a0 \u00a0 \u00a0 \u00a0 \u00a0 \u00a0 \u00a0 \u00a0 \u00a0 Neprod\u00e1v\u00e1me rychle, ale v\u017edy za nejvy\u0161\u0161\u00ed mo\u017enou cenu. Pokud s n\u00e1mi chcete zkusit prodej Va\u0161\u00ed nemovitosti, zavolejte na 604 983 906, p\u0159ijedeme, Va\u0161i nemovitost ocen\u00edme a prod\u00e1me za maxim\u00e1ln\u00ed mo\u017enou cenu. Jsme rodinn\u00e1 firma, \u010demu\u017e odpov\u00edd\u00e1 n\u00e1\u0161 p\u0159\u00edstup k v\u00e1m a realizaci prodeje Va\u0161\u00ed nemovitosti.<\/p>\n","protected":false},"author":1,"featured_media":1100,"parent":0,"menu_order":0,"comment_status":"closed","ping_status":"closed","template":"","meta":{"footnotes":""},"class_list":["post-4","page","type-page","status-publish","has-post-thumbnail","hentry"],"_links":{"self":[{"href":"https:\/\/www.realityhrdovi.cz\/index.php?rest_route=\/wp\/v2\/pages\/4"}],"collection":[{"href":"https:\/\/www.realityhrdovi.cz\/index.php?rest_route=\/wp\/v2\/pages"}],"about":[{"href":"https:\/\/www.realityhrdovi.cz\/index.php?rest_route=\/wp\/v2\/types\/page"}],"author":[{"embeddable":true,"href":"https:\/\/www.realityhrdovi.cz\/index.php?rest_route=\/wp\/v2\/users\/1"}],"replies":[{"embeddable":true,"href":"https:\/\/www.realityhrdovi.cz\/index.php?rest_route=%2Fwp%2Fv2%2Fcomments&post=4"}],"version-history":[{"count":49,"href":"https:\/\/www.realityhrdovi.cz\/index.php?rest_route=\/wp\/v2\/pages\/4\/revisions"}],"predecessor-version":[{"id":1127,"href":"https:\/\/www.realityhrdovi.cz\/index.php?rest_route=\/wp\/v2\/pages\/4\/revisions\/1127"}],"wp:featuredmedia":[{"embeddable":true,"href":"https:\/\/www.realityhrdovi.cz\/index.php?rest_route=\/wp\/v2\/media\/1100"}],"wp:attachment":[{"href":"https:\/\/www.realityhrdovi.cz\/index.php?rest_route=%2Fwp%2Fv2%2Fmedia&parent=4"}],"curies":[{"name":"wp","href":"https:\/\/api.w.org\/{rel}","templated":true}]}}